{"id":388,"date":"2015-12-15T15:07:36","date_gmt":"2015-12-15T15:07:36","guid":{"rendered":"http:\/\/www.redttu.com\/es\/?post_type=avada_portfolio&#038;p=388"},"modified":"2022-06-29T14:58:40","modified_gmt":"2022-06-29T19:58:40","slug":"unibac","status":"publish","type":"avada_portfolio","link":"https:\/\/www.redttu.edu.co\/es\/portfolio-items\/unibac\/","title":{"rendered":"Instituci\u00f3n Universitaria Bellas Artes y Ciencias de Bol\u00edvar &#8211; UNIBAC"},"content":{"rendered":"<p><div class=\"fusion-fullwidth fullwidth-box fusion-builder-row-1 hundred-percent-fullwidth non-hundred-percent-height-scrolling\" style=\"--awb-border-radius-top-left:0px;--awb-border-radius-top-right:0px;--awb-border-radius-bottom-right:0px;--awb-border-radius-bottom-left:0px;--awb-overflow:visible;--awb-flex-wrap:wrap;\" ><div class=\"fusion-builder-row fusion-row\"><div class=\"fusion-layout-column fusion_builder_column fusion-builder-column-0 fusion_builder_column_1_2 1_2 fusion-one-half fusion-column-first\" style=\"--awb-bg-size:cover;width:48%; margin-right: 4%;\"><div class=\"fusion-column-wrapper fusion-flex-column-wrapper-legacy\"><div class=\"fusion-text fusion-text-1\"><p><img decoding=\"async\" class=\"size-full wp-image-5953\" src=\"https:\/\/www.redttu.edu.co\/es\/wp-content\/uploads\/2015\/12\/6.-UNIBAC.png\" alt=\"6. UNIBAC\" width=\"436\" height=\"521\" srcset=\"https:\/\/www.redttu.edu.co\/es\/wp-content\/uploads\/2015\/12\/6.-UNIBAC-200x239.png 200w, https:\/\/www.redttu.edu.co\/es\/wp-content\/uploads\/2015\/12\/6.-UNIBAC-251x300.png 251w, https:\/\/www.redttu.edu.co\/es\/wp-content\/uploads\/2015\/12\/6.-UNIBAC-400x478.png 400w, https:\/\/www.redttu.edu.co\/es\/wp-content\/uploads\/2015\/12\/6.-UNIBAC.png 436w\" sizes=\"(max-width: 436px) 100vw, 436px\" \/><\/p>\n<\/div><div class=\"fusion-clearfix\"><\/div><\/div><\/div><div class=\"fusion-layout-column fusion_builder_column fusion-builder-column-1 fusion_builder_column_1_2 1_2 fusion-one-half fusion-column-last\" style=\"--awb-bg-size:cover;width:48%;\"><div class=\"fusion-column-wrapper fusion-flex-column-wrapper-legacy\"><div class=\"fusion-text fusion-text-2\"><h3>Instituci\u00f3n Universitaria Bellas Artes y Ciencias de Bol\u00edvar &#8211; UNIBAC<\/h3>\n<p style=\"text-align: justify;\">En el a\u00f1o 1889 se firm\u00f3 la fundaci\u00f3n del Instituto Musical en Cartagena. Mediante el Decreto 141 del 28 de abril de 1891 se crea la Academia de Bellas Artes de Cartagena. Una nueva etapa se inicia a partir de la creaci\u00f3n en 1936 de la Escuela Departamental de M\u00fasica. Durante el a\u00f1o 2000 el Ministerio de Educaci\u00f3n Nacional expide las Resoluciones 3140 del 23 de noviembre y 3377 del 12 de diciembre por medio de las cuales se le otorga a la entonces denominada Escuela de Bellas Artes y M\u00fasica Cartagena de Indias la calidad de Instituci\u00f3n Universitaria.<\/p>\n<\/div><div class=\"fusion-aligncenter\"><a class=\"fusion-button button-flat fusion-button-default-size button-default fusion-button-default button-1 fusion-button-default-span fusion-button-default-type\" target=\"_self\" href=\"mailto:rectora@unibac.edu.co\"><span class=\"fusion-button-icon-divider button-icon-divider-left\"><i class=\"fa-envelope far\" aria-hidden=\"true\"><\/i><\/span><span class=\"fusion-button-text fusion-button-text-left\">Rectora: Sacra Norma N\u00e1der David<\/span><\/a><\/div><div class=\"fusion-aligncenter\"><a class=\"fusion-button button-flat fusion-button-default-size button-default fusion-button-default button-2 fusion-button-default-span fusion-button-default-type\" target=\"_blank\" rel=\"noopener noreferrer\" href=\"http:\/\/www.unibac.edu.co\"><span class=\"fusion-button-icon-divider button-icon-divider-left\"><i class=\"fa-cloud fas\" aria-hidden=\"true\"><\/i><\/span><span class=\"fusion-button-text fusion-button-text-left\">Ir a la p\u00e1gina web<\/span><\/a><\/div><div class=\"fusion-clearfix\"><\/div><\/div><\/div><\/div><\/div><div class=\"fusion-fullwidth fullwidth-box fusion-builder-row-2 nonhundred-percent-fullwidth non-hundred-percent-height-scrolling\" style=\"--awb-background-position:left top;--awb-border-sizes-top:0px;--awb-border-sizes-bottom:0px;--awb-border-sizes-left:0px;--awb-border-sizes-right:0px;--awb-border-radius-top-left:0px;--awb-border-radius-top-right:0px;--awb-border-radius-bottom-right:0px;--awb-border-radius-bottom-left:0px;--awb-padding-top:20px;--awb-padding-bottom:20px;--awb-flex-wrap:wrap;\" ><div class=\"fusion-builder-row fusion-row\"><div class=\"fusion-layout-column fusion_builder_column fusion-builder-column-2 fusion_builder_column_1_1 1_1 fusion-one-full fusion-column-first fusion-column-last fusion-column-no-min-height\" style=\"--awb-bg-size:cover;--awb-margin-bottom:0px;\"><div class=\"fusion-column-wrapper fusion-flex-column-wrapper-legacy\"><div class=\"fusion-recent-posts fusion-recent-posts-1 avada-container layout-default layout-columns-1\"><section class=\"fusion-columns columns fusion-columns-1 columns-1\"><article class=\"post fusion-column column col col-lg-12 col-md-12 col-sm-12\"><div class=\"fusion-flexslider fusion-flexslider-loading flexslider flexslider-hover-type-none\"><ul class=\"slides\"><li><a href=\"https:\/\/www.redttu.edu.co\/es\/la-redttu-participa-en-mision-academica-a-francia-y-avanza-en-internacionalizacion-del-curriculo-y-movilidad-academica\/\" aria-label=\"LA REDTTU PARTICIPA EN MISI\u00d3N ACAD\u00c9MICA A FRANCIA Y AVANZA EN INTERNACIONALIZACI\u00d3N DEL CURR\u00cdCULO Y MOVILIDAD ACAD\u00c9MICA\" class=\"hover-type-none\"><img decoding=\"async\" width=\"700\" height=\"441\" src=\"https:\/\/www.redttu.edu.co\/es\/wp-content\/uploads\/2026\/04\/mision-academica-redttu-francia-700x441.jpeg\" class=\"attachment-recent-posts size-recent-posts\" alt=\"Misi\u00f3n Acad\u00e9mica RedTTU a Francia\" srcset=\"https:\/\/www.redttu.edu.co\/es\/wp-content\/uploads\/2026\/04\/mision-academica-redttu-francia-320x202.jpeg 320w, https:\/\/www.redttu.edu.co\/es\/wp-content\/uploads\/2026\/04\/mision-academica-redttu-francia-700x441.jpeg 700w\" sizes=\"(max-width: 700px) 100vw, 700px\" \/><\/a><\/li><\/ul><\/div><div class=\"recent-posts-content\"><span class=\"vcard\" style=\"display: none;\"><span class=\"fn\"><a href=\"https:\/\/www.redttu.edu.co\/es\/author\/comunicaciones\/\" title=\"Entradas de Comunicaciones\" rel=\"author\">Comunicaciones<\/a><\/span><\/span><span class=\"updated\" style=\"display:none;\">2026-04-14T15:02:40-05:00<\/span><h4 class=\"entry-title\"><a href=\"https:\/\/www.redttu.edu.co\/es\/la-redttu-participa-en-mision-academica-a-francia-y-avanza-en-internacionalizacion-del-curriculo-y-movilidad-academica\/\">LA REDTTU PARTICIPA EN MISI\u00d3N ACAD\u00c9MICA A FRANCIA Y AVANZA EN INTERNACIONALIZACI\u00d3N DEL CURR\u00cdCULO Y MOVILIDAD ACAD\u00c9MICA<\/a><\/h4><p class=\"meta\"><span class=\"vcard\" style=\"display: none;\"><span class=\"fn\"><a href=\"https:\/\/www.redttu.edu.co\/es\/author\/comunicaciones\/\" title=\"Entradas de Comunicaciones\" rel=\"author\">Comunicaciones<\/a><\/span><\/span><span class=\"updated\" style=\"display:none;\">2026-04-14T15:02:40-05:00<\/span><span>abril 14th, 2026<\/span><span class=\"fusion-inline-sep\">|<\/span><span class=\"fusion-comments\"><span>Comentarios desactivados<span class=\"screen-reader-text\"> en LA REDTTU PARTICIPA EN MISI\u00d3N ACAD\u00c9MICA A FRANCIA Y AVANZA EN INTERNACIONALIZACI\u00d3N DEL CURR\u00cdCULO Y MOVILIDAD ACAD\u00c9MICA<\/span><\/span><\/span><\/p><p> LA REDTTU PARTICIPA EN MISI\u00d3N ACAD\u00c9MICA A FRANCIA Y AVANZA EN INTERNACIONALIZACI\u00d3N DEL CURR\u00cdCULO Y MOVILIDAD ACAD\u00c9MICA     El Instituto Superior de Educaci\u00f3n Rural (ISER) y la Instituci\u00f3n Universitaria Colegio Mayor [...]<\/p><\/div><\/article><\/section><\/div><div class=\"fusion-clearfix\"><\/div><\/div><\/div><\/div><\/div><\/p>\n","protected":false},"excerpt":{"rendered":"","protected":false},"author":1,"featured_media":5953,"menu_order":6,"comment_status":"open","ping_status":"closed","template":"","format":"standard","meta":{"footnotes":""},"portfolio_category":[7],"portfolio_skills":[],"portfolio_tags":[],"class_list":["post-388","avada_portfolio","type-avada_portfolio","status-publish","format-standard","has-post-thumbnail","hentry","portfolio_category-institucion_universitaria"],"_links":{"self":[{"href":"https:\/\/www.redttu.edu.co\/es\/wp-json\/wp\/v2\/avada_portfolio\/388","targetHints":{"allow":["GET"]}}],"collection":[{"href":"https:\/\/www.redttu.edu.co\/es\/wp-json\/wp\/v2\/avada_portfolio"}],"about":[{"href":"https:\/\/www.redttu.edu.co\/es\/wp-json\/wp\/v2\/types\/avada_portfolio"}],"author":[{"embeddable":true,"href":"https:\/\/www.redttu.edu.co\/es\/wp-json\/wp\/v2\/users\/1"}],"replies":[{"embeddable":true,"href":"https:\/\/www.redttu.edu.co\/es\/wp-json\/wp\/v2\/comments?post=388"}],"version-history":[{"count":8,"href":"https:\/\/www.redttu.edu.co\/es\/wp-json\/wp\/v2\/avada_portfolio\/388\/revisions"}],"predecessor-version":[{"id":5960,"href":"https:\/\/www.redttu.edu.co\/es\/wp-json\/wp\/v2\/avada_portfolio\/388\/revisions\/5960"}],"wp:featuredmedia":[{"embeddable":true,"href":"https:\/\/www.redttu.edu.co\/es\/wp-json\/wp\/v2\/media\/5953"}],"wp:attachment":[{"href":"https:\/\/www.redttu.edu.co\/es\/wp-json\/wp\/v2\/media?parent=388"}],"wp:term":[{"taxonomy":"portfolio_category","embeddable":true,"href":"https:\/\/www.redttu.edu.co\/es\/wp-json\/wp\/v2\/portfolio_category?post=388"},{"taxonomy":"portfolio_skills","embeddable":true,"href":"https:\/\/www.redttu.edu.co\/es\/wp-json\/wp\/v2\/portfolio_skills?post=388"},{"taxonomy":"portfolio_tags","embeddable":true,"href":"https:\/\/www.redttu.edu.co\/es\/wp-json\/wp\/v2\/portfolio_tags?post=388"}],"curies":[{"name":"wp","href":"https:\/\/api.w.org\/{rel}","templated":true}]}}

Institución Universitaria Bellas Artes y Ciencias de Bolívar &#8211; UNIBAC

<p><div class="fusion-fullwidth fullwidth-box fusion-builder-row-1 hundred-percent-fullwidth non-hundred-percent-height-scrolling" style="--awb-border-radius-top-left:0px;--awb-border-radius-top-right:0px;--awb-border-radius-bottom-right:0px;--awb-border-radius-bottom-left:0px;--awb-overflow:visible;--awb-flex-wrap:wrap;" ><div class="fusion-builder-row fusion-row"><div class="fusion-layout-column fusion_builder_column fusion-builder-column-0 fusion_builder_column_1_2 1_2 fusion-one-half fusion-column-first" style="--awb-bg-size:cover;width:48%; margin-right: 4%;"><div class="fusion-column-wrapper fusion-flex-column-wrapper-legacy"><div class="fusion-text fusion-text-1"><p><img decoding="async" class="size-full wp-image-5953" src="https://www.redttu.edu.co/es/wp-content/uploads/2015/12/6.-UNIBAC.png" alt="6. UNIBAC" width="436" height="521" srcset="https://www.redttu.edu.co/es/wp-content/uploads/2015/12/6.-UNIBAC-200x239.png 200w, https://www.redttu.edu.co/es/wp-content/uploads/2015/12/6.-UNIBAC-251x300.png 251w, https://www.redttu.edu.co/es/wp-content/uploads/2015/12/6.-UNIBAC-400x478.png 400w, https://www.redttu.edu.co/es/wp-content/uploads/2015/12/6.-UNIBAC.png 436w" sizes="(max-width: 436px) 100vw, 436px" /></p>
</div><div class="fusion-clearfix"></div></div></div><div class="fusion-layout-column fusion_builder_column fusion-builder-column-1 fusion_builder_column_1_2 1_2 fusion-one-half fusion-column-last" style="--awb-bg-size:cover;width:48%;"><div class="fusion-column-wrapper fusion-flex-column-wrapper-legacy"><div class="fusion-text fusion-text-2"><h3>Institución Universitaria Bellas Artes y Ciencias de Bolívar &#8211; UNIBAC</h3>
<p style="text-align: justify;">En el año 1889 se firmó la fundación del Instituto Musical en Cartagena. Mediante el Decreto 141 del 28 de abril de 1891 se crea la Academia de Bellas Artes de Cartagena. Una nueva etapa se inicia a partir de la creación en 1936 de la Escuela Departamental de Música. Durante el año 2000 el Ministerio de Educación Nacional expide las Resoluciones 3140 del 23 de noviembre y 3377 del 12 de diciembre por medio de las cuales se le otorga a la entonces denominada Escuela de Bellas Artes y Música Cartagena de Indias la calidad de Institución Universitaria.</p>
</div><div class="fusion-aligncenter"><a class="fusion-button button-flat fusion-button-default-size button-default fusion-button-default button-1 fusion-button-default-span fusion-button-default-type" target="_self" href="mailto:rectora@unibac.edu.co"><span class="fusion-button-icon-divider button-icon-divider-left"><i class="fa-envelope far" aria-hidden="true"></i></span><span class="fusion-button-text fusion-button-text-left">Rectora: Sacra Norma Náder David</span></a></div><div class="fusion-aligncenter"><a class="fusion-button button-flat fusion-button-default-size button-default fusion-button-default button-2 fusion-button-default-span fusion-button-default-type" target="_blank" rel="noopener noreferrer" href="http://www.unibac.edu.co"><span class="fusion-button-icon-divider button-icon-divider-left"><i class="fa-cloud fas" aria-hidden="true"></i></span><span class="fusion-button-text fusion-button-text-left">Ir a la página web</span></a></div><div class="fusion-clearfix"></div></div></div></div></div><div class="fusion-fullwidth fullwidth-box fusion-builder-row-2 nonhundred-percent-fullwidth non-hundred-percent-height-scrolling" style="--awb-background-position:left top;--awb-border-sizes-top:0px;--awb-border-sizes-bottom:0px;--awb-border-sizes-left:0px;--awb-border-sizes-right:0px;--awb-border-radius-top-left:0px;--awb-border-radius-top-right:0px;--awb-border-radius-bottom-right:0px;--awb-border-radius-bottom-left:0px;--awb-padding-top:20px;--awb-padding-bottom:20px;--awb-flex-wrap:wrap;" ><div class="fusion-builder-row fusion-row"><div class="fusion-layout-column fusion_builder_column fusion-builder-column-2 fusion_builder_column_1_1 1_1 fusion-one-full fusion-column-first fusion-column-last fusion-column-no-min-height" style="--awb-bg-size:cover;--awb-margin-bottom:0px;"><div class="fusion-column-wrapper fusion-flex-column-wrapper-legacy"><div class="fusion-recent-posts fusion-recent-posts-1 avada-container layout-default layout-columns-1"><section class="fusion-columns columns fusion-columns-1 columns-1"><article class="post fusion-column column col col-lg-12 col-md-12 col-sm-12"><div class="fusion-flexslider fusion-flexslider-loading flexslider flexslider-hover-type-none"><ul class="slides"><li><a href="https://www.redttu.edu.co/es/la-redttu-participa-en-mision-academica-a-francia-y-avanza-en-internacionalizacion-del-curriculo-y-movilidad-academica/" aria-label="LA REDTTU PARTICIPA EN MISIÓN ACADÉMICA A FRANCIA Y AVANZA EN INTERNACIONALIZACIÓN DEL CURRÍCULO Y MOVILIDAD ACADÉMICA" class="hover-type-none"><img decoding="async" width="700" height="441" src="https://www.redttu.edu.co/es/wp-content/uploads/2026/04/mision-academica-redttu-francia-700x441.jpeg" class="attachment-recent-posts size-recent-posts" alt="Misión Académica RedTTU a Francia" srcset="https://www.redttu.edu.co/es/wp-content/uploads/2026/04/mision-academica-redttu-francia-320x202.jpeg 320w, https://www.redttu.edu.co/es/wp-content/uploads/2026/04/mision-academica-redttu-francia-700x441.jpeg 700w" sizes="(max-width: 700px) 100vw, 700px" /></a></li></ul></div><div class="recent-posts-content"><span class="vcard" style="display: none;"><span class="fn"><a href="https://www.redttu.edu.co/es/author/comunicaciones/" title="Entradas de Comunicaciones" rel="author">Comunicaciones</a></span></span><span class="updated" style="display:none;">2026-04-14T15:02:40-05:00</span><h4 class="entry-title"><a href="https://www.redttu.edu.co/es/la-redttu-participa-en-mision-academica-a-francia-y-avanza-en-internacionalizacion-del-curriculo-y-movilidad-academica/">LA REDTTU PARTICIPA EN MISIÓN ACADÉMICA A FRANCIA Y AVANZA EN INTERNACIONALIZACIÓN DEL CURRÍCULO Y MOVILIDAD ACADÉMICA</a></h4><p class="meta"><span class="vcard" style="display: none;"><span class="fn"><a href="https://www.redttu.edu.co/es/author/comunicaciones/" title="Entradas de Comunicaciones" rel="author">Comunicaciones</a></span></span><span class="updated" style="display:none;">2026-04-14T15:02:40-05:00</span><span>abril 14th, 2026</span><span class="fusion-inline-sep">|</span><span class="fusion-comments"><span>Comentarios desactivados<span class="screen-reader-text"> en LA REDTTU PARTICIPA EN MISIÓN ACADÉMICA A FRANCIA Y AVANZA EN INTERNACIONALIZACIÓN DEL CURRÍCULO Y MOVILIDAD ACADÉMICA</span></span></span></p><p> LA REDTTU PARTICIPA EN MISIÓN ACADÉMICA A FRANCIA Y AVANZA EN INTERNACIONALIZACIÓN DEL CURRÍCULO Y MOVILIDAD ACADÉMICA     El Instituto Superior de Educación Rural (ISER) y la Institución Universitaria Colegio Mayor [...]</p></div></article></section></div><div class="fusion-clearfix"></div></div></div></div></div></p>
