{"id":379,"date":"2015-12-15T15:26:10","date_gmt":"2015-12-15T15:26:10","guid":{"rendered":"http:\/\/www.redttu.com\/es\/?post_type=avada_portfolio&#038;p=379"},"modified":"2022-06-29T14:03:33","modified_gmt":"2022-06-29T19:03:33","slug":"unipaz","status":"publish","type":"avada_portfolio","link":"https:\/\/www.redttu.edu.co\/es\/portfolio-items\/unipaz\/","title":{"rendered":"Instituto Universitario de La Paz &#8211; UNIPAZ"},"content":{"rendered":"<div class=\"fusion-fullwidth fullwidth-box fusion-builder-row-1 hundred-percent-fullwidth non-hundred-percent-height-scrolling\" style=\"--awb-border-radius-top-left:0px;--awb-border-radius-top-right:0px;--awb-border-radius-bottom-right:0px;--awb-border-radius-bottom-left:0px;--awb-overflow:visible;--awb-flex-wrap:wrap;\" ><div class=\"fusion-builder-row fusion-row\"><div class=\"fusion-layout-column fusion_builder_column fusion-builder-column-0 fusion_builder_column_1_2 1_2 fusion-one-half fusion-column-first\" style=\"--awb-bg-size:cover;width:48%; margin-right: 4%;\"><div class=\"fusion-column-wrapper fusion-flex-column-wrapper-legacy\"><div class=\"fusion-text fusion-text-1\"><div id=\"attachment_5902\" style=\"width: 436px\" class=\"wp-caption alignnone\"><img decoding=\"async\" aria-describedby=\"caption-attachment-5902\" class=\"size-full wp-image-5902\" src=\"https:\/\/www.redttu.edu.co\/es\/wp-content\/uploads\/2015\/12\/28.-UNIPAZ.png\" alt=\"28. UNIPAZ\" width=\"426\" height=\"436\" srcset=\"https:\/\/www.redttu.edu.co\/es\/wp-content\/uploads\/2015\/12\/28.-UNIPAZ-200x205.png 200w, https:\/\/www.redttu.edu.co\/es\/wp-content\/uploads\/2015\/12\/28.-UNIPAZ-293x300.png 293w, https:\/\/www.redttu.edu.co\/es\/wp-content\/uploads\/2015\/12\/28.-UNIPAZ-400x409.png 400w, https:\/\/www.redttu.edu.co\/es\/wp-content\/uploads\/2015\/12\/28.-UNIPAZ.png 426w\" sizes=\"(max-width: 426px) 100vw, 426px\" \/><p id=\"caption-attachment-5902\" class=\"wp-caption-text\">28. UNIPAZ<\/p><\/div>\n<\/div><div class=\"fusion-clearfix\"><\/div><\/div><\/div><div class=\"fusion-layout-column fusion_builder_column fusion-builder-column-1 fusion_builder_column_1_2 1_2 fusion-one-half fusion-column-last\" style=\"--awb-bg-size:cover;width:48%;\"><div class=\"fusion-column-wrapper fusion-flex-column-wrapper-legacy\"><div class=\"fusion-text fusion-text-2\"><h3>Instituto Universitario de La Paz &#8211; UNIPAZ<\/h3>\n<p style=\"text-align: justify;\">La Instituci\u00f3n Universitaria de la Paz fue creada por decreto ordenanza 0331 del 19 de noviembre de 1987. Es un establecimiento p\u00fablico de educaci\u00f3n superior, de car\u00e1cter acad\u00e9mico, del orden departamental, con personer\u00eda jur\u00eddica, autonom\u00eda administrativa y patrimonio independiente, adscrito a la Gobernaci\u00f3n del Departamento de Santander y con domicilio principal en la ciudad de Barrancabermeja.<\/p>\n<\/div><div class=\"fusion-alignleft\"><a class=\"fusion-button button-flat fusion-button-default-size button-default fusion-button-default button-1 fusion-button-default-span fusion-button-default-type\" target=\"_self\" href=\"mailto:rectoria@unipaz.edu.co\"><span class=\"fusion-button-icon-divider button-icon-divider-left\"><i class=\" fa fa-envelope-o\" aria-hidden=\"true\"><\/i><\/span><span class=\"fusion-button-text fusion-button-text-left\">Rector: Oscar Orlando Porras Atencia<\/span><\/a><\/div><div class=\"fusion-alignleft\"><a class=\"fusion-button button-flat fusion-button-default-size button-default fusion-button-default button-2 fusion-button-default-span fusion-button-default-type\" target=\"_blank\" rel=\"noopener noreferrer\" href=\"http:\/\/www.unipaz.edu.co\"><span class=\"fusion-button-icon-divider button-icon-divider-left\"><i class=\" fa fa-cloud\" aria-hidden=\"true\"><\/i><\/span><span class=\"fusion-button-text fusion-button-text-left\">Ir a la p\u00e1gina web<\/span><\/a><\/div><div class=\"fusion-clearfix\"><\/div><\/div><\/div><\/div><\/div>\n","protected":false},"excerpt":{"rendered":"","protected":false},"author":1,"featured_media":5902,"menu_order":28,"comment_status":"open","ping_status":"closed","template":"","format":"standard","meta":{"footnotes":""},"portfolio_category":[7],"portfolio_skills":[],"portfolio_tags":[],"class_list":["post-379","avada_portfolio","type-avada_portfolio","status-publish","format-standard","has-post-thumbnail","hentry","portfolio_category-institucion_universitaria"],"_links":{"self":[{"href":"https:\/\/www.redttu.edu.co\/es\/wp-json\/wp\/v2\/avada_portfolio\/379","targetHints":{"allow":["GET"]}}],"collection":[{"href":"https:\/\/www.redttu.edu.co\/es\/wp-json\/wp\/v2\/avada_portfolio"}],"about":[{"href":"https:\/\/www.redttu.edu.co\/es\/wp-json\/wp\/v2\/types\/avada_portfolio"}],"author":[{"embeddable":true,"href":"https:\/\/www.redttu.edu.co\/es\/wp-json\/wp\/v2\/users\/1"}],"replies":[{"embeddable":true,"href":"https:\/\/www.redttu.edu.co\/es\/wp-json\/wp\/v2\/comments?post=379"}],"version-history":[{"count":6,"href":"https:\/\/www.redttu.edu.co\/es\/wp-json\/wp\/v2\/avada_portfolio\/379\/revisions"}],"predecessor-version":[{"id":5903,"href":"https:\/\/www.redttu.edu.co\/es\/wp-json\/wp\/v2\/avada_portfolio\/379\/revisions\/5903"}],"wp:featuredmedia":[{"embeddable":true,"href":"https:\/\/www.redttu.edu.co\/es\/wp-json\/wp\/v2\/media\/5902"}],"wp:attachment":[{"href":"https:\/\/www.redttu.edu.co\/es\/wp-json\/wp\/v2\/media?parent=379"}],"wp:term":[{"taxonomy":"portfolio_category","embeddable":true,"href":"https:\/\/www.redttu.edu.co\/es\/wp-json\/wp\/v2\/portfolio_category?post=379"},{"taxonomy":"portfolio_skills","embeddable":true,"href":"https:\/\/www.redttu.edu.co\/es\/wp-json\/wp\/v2\/portfolio_skills?post=379"},{"taxonomy":"portfolio_tags","embeddable":true,"href":"https:\/\/www.redttu.edu.co\/es\/wp-json\/wp\/v2\/portfolio_tags?post=379"}],"curies":[{"name":"wp","href":"https:\/\/api.w.org\/{rel}","templated":true}]}}

<div class="fusion-fullwidth fullwidth-box fusion-builder-row-1 hundred-percent-fullwidth non-hundred-percent-height-scrolling" style="--awb-border-radius-top-left:0px;--awb-border-radius-top-right:0px;--awb-border-radius-bottom-right:0px;--awb-border-radius-bottom-left:0px;--awb-overflow:visible;--awb-flex-wrap:wrap;" ><div class="fusion-builder-row fusion-row"><div class="fusion-layout-column fusion_builder_column fusion-builder-column-0 fusion_builder_column_1_2 1_2 fusion-one-half fusion-column-first" style="--awb-bg-size:cover;width:48%; margin-right: 4%;"><div class="fusion-column-wrapper fusion-flex-column-wrapper-legacy"><div class="fusion-text fusion-text-1"><div id="attachment_5902" style="width: 436px" class="wp-caption alignnone"><img decoding="async" aria-describedby="caption-attachment-5902" class="size-full wp-image-5902" src="https://www.redttu.edu.co/es/wp-content/uploads/2015/12/28.-UNIPAZ.png" alt="28. UNIPAZ" width="426" height="436" srcset="https://www.redttu.edu.co/es/wp-content/uploads/2015/12/28.-UNIPAZ-200x205.png 200w, https://www.redttu.edu.co/es/wp-content/uploads/2015/12/28.-UNIPAZ-293x300.png 293w, https://www.redttu.edu.co/es/wp-content/uploads/2015/12/28.-UNIPAZ-400x409.png 400w, https://www.redttu.edu.co/es/wp-content/uploads/2015/12/28.-UNIPAZ.png 426w" sizes="(max-width: 426px) 100vw, 426px" /><p id="caption-attachment-5902" class="wp-caption-text">28. UNIPAZ</p></div>
</div><div class="fusion-clearfix"></div></div></div><div class="fusion-layout-column fusion_builder_column fusion-builder-column-1 fusion_builder_column_1_2 1_2 fusion-one-half fusion-column-last" style="--awb-bg-size:cover;width:48%;"><div class="fusion-column-wrapper fusion-flex-column-wrapper-legacy"><div class="fusion-text fusion-text-2"><h3>Instituto Universitario de La Paz &#8211; UNIPAZ</h3>
<p style="text-align: justify;">La Institución Universitaria de la Paz fue creada por decreto ordenanza 0331 del 19 de noviembre de 1987. Es un establecimiento público de educación superior, de carácter académico, del orden departamental, con personería jurídica, autonomía administrativa y patrimonio independiente, adscrito a la Gobernación del Departamento de Santander y con domicilio principal en la ciudad de Barrancabermeja.</p>
</div><div class="fusion-alignleft"><a class="fusion-button button-flat fusion-button-default-size button-default fusion-button-default button-1 fusion-button-default-span fusion-button-default-type" target="_self" href="mailto:rectoria@unipaz.edu.co"><span class="fusion-button-icon-divider button-icon-divider-left"><i class=" fa fa-envelope-o" aria-hidden="true"></i></span><span class="fusion-button-text fusion-button-text-left">Rector: Oscar Orlando Porras Atencia</span></a></div><div class="fusion-alignleft"><a class="fusion-button button-flat fusion-button-default-size button-default fusion-button-default button-2 fusion-button-default-span fusion-button-default-type" target="_blank" rel="noopener noreferrer" href="http://www.unipaz.edu.co"><span class="fusion-button-icon-divider button-icon-divider-left"><i class=" fa fa-cloud" aria-hidden="true"></i></span><span class="fusion-button-text fusion-button-text-left">Ir a la página web</span></a></div><div class="fusion-clearfix"></div></div></div></div></div>
